{"id":6760,"date":"2020-10-04T10:23:37","date_gmt":"2020-10-04T08:23:37","guid":{"rendered":"http:\/\/primopianogallery.com\/?page_id=6760"},"modified":"2020-10-04T16:00:28","modified_gmt":"2020-10-04T14:00:28","slug":"anzola-carlos","status":"publish","type":"page","link":"https:\/\/www.primopianogallery.com\/en\/provenienza-artisti-origine-italia-europa-asia-america\/america-latina\/anzola-carlos\/","title":{"rendered":"ANZOLA Carlos"},"content":{"rendered":"<p><a href=\"https:\/\/primopianogallery.com\/wp-content\/uploads\/2014\/06\/anzola.jpg\"><img loading=\"lazy\" decoding=\"async\" class=\"alignnone size-full wp-image-7072\" src=\"https:\/\/primopianogallery.com\/wp-content\/uploads\/2014\/06\/anzola.jpg\" alt=\"anzola\" width=\"99\" height=\"66\" \/><\/a><\/p>\n<p>Biography<\/p>\n<p>Nato a Caracas nel 1970 dove vive ed opera.<\/p>\n<p>STUDIES<\/p>\n<p>1995. Facultad de Arquitectura y Urbanismo, UCV; 1998. Instituto de arte \u201cFederico Brandt\u201d, Caracas, Venezuela; 2000-2002. Instituto Universitario de Tecnolog\u00eda Industrial Rodolfo Loero Arismendi; 2001. Museo de la Estampa y el Dise\u00f1o Cruz-Diez, Caracas,Venezuela; 2002. <span lang=\"EN-GB\">The Art Students League of New York, EEUU; Fundaci\u00f3n Polar, Caracas, Venezuela; Participaci\u00f3n en el Taller de Ricardo Benaim; 2003. Facultad de Arquitectura y Urbanismo, UCV; 2003-2008. Facultad de Arquitectura. UCV; 2006. Facultad de Arquitectura, Universidad Jos\u00e9 Maria Vargas; 2008. Facultad de Arquitectura y Urbanismo, UCV, alliev by Gary Hill.<\/span><\/p>\n<p>PRIZES<\/p>\n<p>1998-1999. Menci\u00f3n de Honor, VIII Sal\u00f3n de Artes Pl\u00e1sticas \u201cAlejandro Otero\u201d, SanAntonio de los Altos, Venezuela;<\/p>\n<p>2001. Menci\u00f3n Honor\u00edfica. I Sal\u00f3n de Arte Exxon Mobil de Venezuela, Museo Sacro,Caracas; 2003. Premio Uni\u00f3n Latina a la creaci\u00f3n joven en artes pl\u00e1sticas;Menci\u00f3n Honor\u00edfica. I Sal\u00f3n Dycvensa, Ateneo de Caracas;<\/p>\n<p>2005. Reconocimiento Especial, II Sal\u00f3n Universitario de fotograf\u00eda, UCV, Caracas.<\/p>\n<p>SELECTED\u00a0 RECENT SHOWS<\/p>\n<p><span lang=\"EN-GB\">2002. \u201cIntegrarte\u201d, Alcald\u00eda de Baruta, Centro de Arte San Francisco, Caracas;Salon de Arte, Galer\u00eda de arte universitaria UCV, Caracas;<\/span><\/p>\n<p><span lang=\"EN-GB\">2003. Museo de Arte Contempor\u00e1neo Mario Abreu, Maracay, Venezuela;II Sal\u00f3n de arte Exxon Mobil, Galer\u00eda de Arte Nacional,Caracas;\u201cLos <\/span><span lang=\"EN-GB\">13\u201d, Facultad de Arquitectura y Urbanismo, UCV, Venezuela;\u201cDi\u00e1logos Continuos\u201d, Galer\u00eda 39, Caracas; \u201cFrida, 55 Alucinaciones\u201d,Galer\u00eda Spazio0, Caracas,\u201cL\u00edquidos Familiares\u201d, Galer\u00eda Templarios, Caracas;<\/span><span lang=\"EN-GB\">\u00a0\u00a0\u00a0\u00a0\u00a0\u00a0\u00a0\u00a0\u00a0\u00a0\u00a0\u00a0\u00a0\u00a0\u00a0\u00a0\u00a0\u00a0\u00a0\u00a0\u00a0\u00a0\u00a0\u00a0\u00a0\u00a0\u00a0\u00a0\u00a0\u00a0\u00a0 <\/span><\/p>\n<p><span lang=\"EN-GB\">2004. Bienal de Escultura \u201cFrancisco Narv\u00e1ez\u201d, Galer\u00eda Trazos, Caracas; \u201cCaballo de Troya\u201d Centro de Estudios Latinoamericanos R\u00f3mulo Gallegos, Caracas; Fundaci\u00f3n Cultural Provincial, Caracas;<\/span><\/p>\n<p><span lang=\"EN-GB\">2005. La Mega Exposici\u00f3n, Museo Alejadro Otero, Caracas; <\/span><\/p>\n<p><span lang=\"EN-GB\">2006. 31 Sal\u00f3n Nacional de arte Aragua, Museo de Arte Contempor\u00e1neo Mario Abreu, Maracay, Venezuela; <\/span><\/p>\n<p><span lang=\"EN-GB\">2007. VII Salon Pirelli, Museo de Atre Contemporaneo de Caracas, Venezuela;\u201cAuction Exhibition 07\u201d, Museum of Latin American Art, Long Beach, California<\/span><span lang=\"EN-GB\">;<\/span><span lang=\"EN-GB\">EEUU; \u201cUtopias\u201d,Galeria 39, Caracas, Venezuela;<\/span><\/p>\n<p><span lang=\"EN-GB\">2008. \u201cNew Artwork\u201d, Ninoska Huerta Gallery, <\/span><span lang=\"EN-GB\">Coral Gables<\/span><span lang=\"EN-GB\">, EEUU: <\/span><\/p>\n<p>2009. \u201cFrammentazione dell\u2019unit\u00e0\u201d, Primo Piano LivinGallery, Lecce, Italy.<\/p>\n<p>Complete CV on available upon request.<\/p>\n<hr \/>\n<p>[product_category category=&#8221;anzola-carlos&#8221; per_page=&#8221;12&#8243; columns=&#8221;4&#8243; orderby=&#8221;date&#8221; order=&#8221;desc&#8221;]<\/p>","protected":false},"excerpt":{"rendered":"<p class=\"qtranxs-available-languages-message qtranxs-available-languages-message-en\">Sorry, this entry is only available in <a href=\"https:\/\/www.primopianogallery.com\/it\/wp-json\/wp\/v2\/pages\/6760\" class=\"qtranxs-available-language-link qtranxs-available-language-link-it\" title=\"Italiano\">Italiano<\/a>.<\/p>\n","protected":false},"author":1,"featured_media":0,"parent":13712,"menu_order":0,"comment_status":"closed","ping_status":"open","template":"","meta":{"ngg_post_thumbnail":0,"footnotes":""},"class_list":["post-6760","page","type-page","status-publish","hentry"],"_links":{"self":[{"href":"https:\/\/www.primopianogallery.com\/en\/wp-json\/wp\/v2\/pages\/6760","targetHints":{"allow":["GET"]}}],"collection":[{"href":"https:\/\/www.primopianogallery.com\/en\/wp-json\/wp\/v2\/pages"}],"about":[{"href":"https:\/\/www.primopianogallery.com\/en\/wp-json\/wp\/v2\/types\/page"}],"author":[{"embeddable":true,"href":"https:\/\/www.primopianogallery.com\/en\/wp-json\/wp\/v2\/users\/1"}],"replies":[{"embeddable":true,"href":"https:\/\/www.primopianogallery.com\/en\/wp-json\/wp\/v2\/comments?post=6760"}],"version-history":[{"count":1,"href":"https:\/\/www.primopianogallery.com\/en\/wp-json\/wp\/v2\/pages\/6760\/revisions"}],"predecessor-version":[{"id":23044,"href":"https:\/\/www.primopianogallery.com\/en\/wp-json\/wp\/v2\/pages\/6760\/revisions\/23044"}],"up":[{"embeddable":true,"href":"https:\/\/www.primopianogallery.com\/en\/wp-json\/wp\/v2\/pages\/13712"}],"wp:attachment":[{"href":"https:\/\/www.primopianogallery.com\/en\/wp-json\/wp\/v2\/media?parent=6760"}],"curies":[{"name":"wp","href":"https:\/\/api.w.org\/{rel}","templated":true}]}}

<p><a href="https://primopianogallery.com/wp-content/uploads/2014/06/anzola.jpg"><img loading="lazy" decoding="async" class="alignnone size-full wp-image-7072" src="https://primopianogallery.com/wp-content/uploads/2014/06/anzola.jpg" alt="anzola" width="99" height="66" /></a></p>
<p>Biography</p>
<p>Nato a Caracas nel 1970 dove vive ed opera.</p>
<p>STUDIES</p>
<p>1995. Facultad de Arquitectura y Urbanismo, UCV; 1998. Instituto de arte “Federico Brandt”, Caracas, Venezuela; 2000-2002. Instituto Universitario de Tecnología Industrial Rodolfo Loero Arismendi; 2001. Museo de la Estampa y el Diseño Cruz-Diez, Caracas,Venezuela; 2002. <span lang="EN-GB">The Art Students League of New York, EEUU; Fundación Polar, Caracas, Venezuela; Participación en el Taller de Ricardo Benaim; 2003. Facultad de Arquitectura y Urbanismo, UCV; 2003-2008. Facultad de Arquitectura. UCV; 2006. Facultad de Arquitectura, Universidad José Maria Vargas; 2008. Facultad de Arquitectura y Urbanismo, UCV, alliev by Gary Hill.</span></p>
<p>PRIZES</p>
<p>1998-1999. Mención de Honor, VIII Salón de Artes Plásticas “Alejandro Otero”, SanAntonio de los Altos, Venezuela;</p>
<p>2001. Mención Honorífica. I Salón de Arte Exxon Mobil de Venezuela, Museo Sacro,Caracas; 2003. Premio Unión Latina a la creación joven en artes plásticas;Mención Honorífica. I Salón Dycvensa, Ateneo de Caracas;</p>
<p>2005. Reconocimiento Especial, II Salón Universitario de fotografía, UCV, Caracas.</p>
<p>SELECTED  RECENT SHOWS</p>
<p><span lang="EN-GB">2002. “Integrarte”, Alcaldía de Baruta, Centro de Arte San Francisco, Caracas;Salon de Arte, Galería de arte universitaria UCV, Caracas;</span></p>
<p><span lang="EN-GB">2003. Museo de Arte Contemporáneo Mario Abreu, Maracay, Venezuela;II Salón de arte Exxon Mobil, Galería de Arte Nacional,Caracas;“Los </span><span lang="EN-GB">13”, Facultad de Arquitectura y Urbanismo, UCV, Venezuela;“Diálogos Continuos”, Galería 39, Caracas; “Frida, 55 Alucinaciones”,Galería Spazio0, Caracas,“Líquidos Familiares”, Galería Templarios, Caracas;</span><span lang="EN-GB">                                </span></p>
<p><span lang="EN-GB">2004. Bienal de Escultura “Francisco Narváez”, Galería Trazos, Caracas; “Caballo de Troya” Centro de Estudios Latinoamericanos Rómulo Gallegos, Caracas; Fundación Cultural Provincial, Caracas;</span></p>
<p><span lang="EN-GB">2005. La Mega Exposición, Museo Alejadro Otero, Caracas; </span></p>
<p><span lang="EN-GB">2006. 31 Salón Nacional de arte Aragua, Museo de Arte Contemporáneo Mario Abreu, Maracay, Venezuela; </span></p>
<p><span lang="EN-GB">2007. VII Salon Pirelli, Museo de Atre Contemporaneo de Caracas, Venezuela;“Auction Exhibition 07”, Museum of Latin American Art, Long Beach, California</span><span lang="EN-GB">;</span><span lang="EN-GB">EEUU; “Utopias”,Galeria 39, Caracas, Venezuela;</span></p>
<p><span lang="EN-GB">2008. “New Artwork”, Ninoska Huerta Gallery, </span><span lang="EN-GB">Coral Gables</span><span lang="EN-GB">, EEUU: </span></p>
<p>2009. “Frammentazione dell’unità”, Primo Piano LivinGallery, Lecce, Italy.</p>
<p>Complete CV on available upon request.</p>
<hr />
<p>[product_category category=&#8221;anzola-carlos&#8221; per_page=&#8221;12&#8243; columns=&#8221;4&#8243; orderby=&#8221;date&#8221; order=&#8221;desc&#8221;]</p>
